0288150083 a prime number?
False
Is 1764020469 composite?
True
Is 13426075711 composite?
True
Is 402459749 a composite number?
False
Is 6981893621 a prime number?
False
Is 1492395529 prime?
True
Is 14376255689 prime?
True
Is 5996563087 a prime number?
True
Is 21975034189 a composite number?
False
Is 72879409093 a prime number?
True
Is 181511257 prime?
True
Is 93573298699 a prime number?
True
Is 40501029929 composite?
False
Is 6229548097 a composite number?
True
Is 22059851887 prime?
True
Is 275242207 composite?
False
Is 1306795177 composite?
False
Is 218861571181 a composite number?
True
Is 686877029 composite?
True
Is 3433707917 prime?
False
Is 22575806321 prime?
True
Is 5868280633 a prime number?
False
Is 3040681361 a prime number?
True
Is 1820386367 a prime number?
False
Is 4370843266 a composite number?
True
Is 33241305709 composite?
True
Is 1098455117 prime?
False
Is 1362571051 a prime number?
True
Is 9602033989 composite?
True
Is 2156564327 a composite number?
False
Is 39493265659 a composite number?
True
Is 2194010783 prime?
False
Is 1461473599 composite?
False
Is 383412319 a prime number?
True
Is 3727980089 a prime number?
True
Is 14203363003 composite?
False
Is 518358553 composite?
False
Is 6060892349 a composite number?
False
Is 25165434607 prime?
False
Is 2961848467 a prime number?
False
Is 3621501491 prime?
False
Is 62120255719 prime?
True
Is 53828061451 composite?
True
Is 634348199 a prime number?
False
Is 1851605959 a prime number?
False
Is 198286210147 a prime number?
True
Is 24748244293 a composite number?
False
Is 617120311 a composite number?
False
Is 298604585 a composite number?
True
Is 2012692757 prime?
False
Is 1250106269 composite?
True
Is 5813998969 prime?
False
Is 1276646167 prime?
False
Is 289694519 a prime number?
True
Is 3277909319 composite?
True
Is 6111498163 a composite number?
False
Is 2464861643 a prime number?
True
Is 409917637 composite?
False
Is 30867677453 a prime number?
True
Is 2014770301 a prime number?
True
Is 6781832851 a composite number?
True
Is 1390200677 a prime number?
False
Is 134296179421 prime?
True
Is 25284690103 prime?
False
Is 82445502011 a prime number?
True
Is 70518406489 a composite number?
True
Is 2573764393 composite?
True
Is 14949174377 a composite number?
False
Is 2269403203 a prime number?
True
Is 34875770641 a prime number?
False
Is 14631810607 a composite number?
True
Is 207048613 composite?
False
Is 41988048409 a prime number?
True
Is 835777561 a composite number?
False
Is 5428416941 a composite number?
False
Is 434939443 a composite number?
False
Is 5964538259 composite?
True
Is 178853775379 prime?
True
Is 3049678327 a prime number?
True
Is 570296091 composite?
True
Is 2138051303 composite?
True
Is 19415237437 composite?
True
Is 1298532251 a composite number?
False
Is 2316950683 a composite number?
True
Is 124950824387 a composite number?
True
Is 1505413421 a prime number?
False
Is 35222549 prime?
True
Is 169629709 a prime number?
False
Is 7353580021 prime?
False
Is 136839041 prime?
False
Is 409571529 prime?
False
Is 10795880677 prime?
True
Is 22781969681 a composite number?
False
Is 19754263817 a prime number?
False
Is 11926312207 prime?
True
Is 3693009389 prime?
True
Is 8239091539 a prime number?
False
Is 999475483 a prime number?
True
Is 5257270937 composite?
False
Is 1654909469 composite?
False
Is 3668191511 prime?
True
Is 62635684693 a composite number?
False
Is 1780509877 a composite number?
True
Is 7272383821 a prime number?
True
Is 925389637 prime?
True
Is 18713902297 prime?
True
Is 73412619353 a composite number?
True
Is 1665454459 a prime number?
False
Is 11250984137 composite?
False
Is 41838441979 a prime number?
True
Is 711480331 composite?
True
Is 954503063 a composite number?
True
Is 637842631 composite?
True
Is 6470682293 a prime number?
True
Is 132894735101 a prime number?
False
Is 357988229 prime?
True
Is 89262799643 composite?
False
Is 4114025081 composite?
False
Is 1624616809 composite?
False
Is 367418581 a composite number?
False
Is 16672056593 composite?
True
Is 316008709 a prime number?
True
Is 14462184871 prime?
False
Is 19003784911 a composite number?
False
Is 9565465857 composite?
True
Is 4272712261 a composite number?
True
Is 37438117843 composite?
True
Is 564867401 composite?
True
Is 10131234793 a prime number?
True
Is 147114727 a composite number?
False
Is 18197829217 a prime number?
False
Is 1431936151 prime?
True
Is 434147711 a composite number?
True
Is 61705348427 a prime number?
True
Is 435810821 composite?
False
Is 357861199 a composite number?
True
Is 3833616989 a prime number?
False
Is 31669311013 a prime number?
False
Is 13758264777 prime?
False
Is 3406115629 prime?
False
Is 5464131061 a prime number?
True
Is 1379551489 a prime number?
False
Is 9390593249 prime?
False
Is 5958643 prime?
True
Is 140517514817 a composite number?
True
Is 285781927 prime?
True
Is 456859421 a prime number?
True
Is 112969316527 a prime number?
False
Is 2479366531 composite?
False
Is 5528307326 prime?
False
Is 13783645921 a prime number?
False
Is 104394590023 prime?
False
Is 638590919 composite?
False
Is 566609941 composite?
False
Is 200226659 composite?
False
Is 1376400989 composite?
True
Is 38126961283 a composite number?
False
Is 2158424783 composite?
False
Is 1302369899 composite?
True
Is 16044349459 composite?
False
Is 12230265163 a composite number?
True
Is 79885520027 a prime number?
False
Is 1791188569 prime?
False
Is 22549570867 prime?
False
Is 129690393277 prime?
True
Is 3331368377 a composite number?
False
Is 63298867 prime?
True
Is 3637008679 composite?
True
Is 15209899387 composite?
False
Is 168686191 a composite number?
True
Is 225975359 composite?
False
Is 27533101 a composite number?
False
Is 1712282863 composite?
True
Is 1857440177 prime?
True
Is 1789522547 prime?
True
Is 430764629 a prime number?
False
Is 19989251 a prime number?
False
Is 34576850527 a composite number?
False
Is 4212311569 composite?
True
Is 13549933577 a prime number?
False
Is 812961847 a prime number?
False
Is 57754669213 a composite number?
True
Is 477295453 a composite number?
False
Is 2631934909 composite?
True
Is 5986902991 a prime number?
True
Is 7209999791 prime?
True
Is 1148719471 a composite number?
False
Is 259669343 prime?
True
Is 44211837157 composite?
False
Is 202524097 composite?
True
Is 1771883101 a composite number?
True
Is 2983157159 prime?
False
Is 1613324159 a prime number?
True
Is 154089343 composite?
True
Is 1126211687 a prime number?
True
Is 56158717 prime?
True
Is 2241108319 a prime number?
True
Is 190411063 a composite number?
True
Is 16652991395 a prime number?
False
Is 427442617 a prime number?
False
Is 2441890342 a prime number?
False
Is 372765121 a composite number?
True
Is 2069821889 a composite number?
False
Is 10668063127 a prime number?
True
Is 176607026303 prime?
False
Is 107577182369 composite?
False
Is 84729563987 prime?
False
Is 7227174485 composite?
True
Is 28851305683 a composite number?
False
Is 557261323 prime?
True
Is 80224835333 composite?
False
Is 3669217913 prime?
True
Is 440956163 a composite number?
False
Is 7293634559 prime?
False
Is 5191729003 a prime number?
False
Is 513126631 a prime number?
True
Is 1184115439 a composite number?
True
Is 162345149 a composite number?
False
Is 4005910871 a composite number?
False
Is 72047701169 composite?
False
Is 7270573349 a composite number?
True
Is 79369689191 prime?
False
Is 55313029789 a prime number?
True
Is 19861657943 a composite number?
False
Is 32957179907 a prime number?
False
Is 5757566077 composite?
True
Is 18354370883 composite?
True
Is 8949626951 composite?
False
Is 6157094287 a composite number?
True
Is 29114329 a prime number?
True
Is 225330067 a prime number?
True
Is 7785454195 prime?
False
Is 121412627933 prime?
True
Is 25557119815 a composite number?
True
Is 70352096603 prime?
False
Is 1496433203 a prime number?
False
Is 6405805127 a composite number?
True
Is 4401055327 a composite number?
False
Is 83776458821 prime?
False
Is 8889347611 composite?
False
Is 3083722003 a composite number?
False
Is 148369709 a prime number?
True
Is 20659469 composite?
True
Is 10530834929 a prime number?
True
Is 5538032527 prime?
True
Is 51973993135 composite?
True
Is 13482075251 composite?
True
I